{"id":280,"date":"2025-05-28T12:04:28","date_gmt":"2025-05-28T10:04:28","guid":{"rendered":"http:\/\/servidor130.no-ip.org\/essenzia\/?page_id=280"},"modified":"2025-11-19T21:18:16","modified_gmt":"2025-11-19T20:18:16","slug":"limpieza-de-hogar","status":"publish","type":"page","link":"https:\/\/www.essenzialimpieza.es\/index.php\/servicios\/limpieza-de-hogar\/","title":{"rendered":"Limpieza de Hogar"},"content":{"rendered":"<div class=\"wp-block-image\">\n<figure class=\"aligncenter size-large\"><img decoding=\"async\" src=\"https:\/\/www.essenzialimpieza.es\/wp-content\/uploads\/2025\/02\/Cocina2b-1024x614.jpg\" alt=\"Limpieza de Hogar\"\/><\/figure>\n<\/div>\n\n\n<p class=\"has-text-align-center has-large-font-size\">Servicios de <strong>Hogar<\/strong><\/p>\n\n\n\n<p class=\"justificar has-medium-font-size\">Nuestro servicio de limpieza de hogar est\u00e1 dise\u00f1ado para brindarte un ambiente fresco y armonioso, eliminando el estr\u00e9s del d\u00eda a d\u00eda.<br>Con atenci\u00f3n al detalle y t\u00e9cnicas profesionales, transformamos cada rinc\u00f3n en un espacio acogedor y reluciente, garantizando un entorno saludable y lleno de paz.<\/p>\n\n\n\n<ul class=\"wp-block-list\">\n<li class=\"has-medium-font-size\">Hacer camas y ordenar espacios<\/li>\n\n\n\n<li class=\"has-medium-font-size\">Barrer o aspirar suelos y alfombras<\/li>\n\n\n\n<li class=\"has-medium-font-size\">Limpiar polvo de muebles y superficies<\/li>\n\n\n\n<li class=\"has-medium-font-size\">Fregar suelos<\/li>\n\n\n\n<li class=\"has-medium-font-size\">Desinfectar encimeras, fregaderos y mesas<\/li>\n\n\n\n<li class=\"has-medium-font-size\">Limpiar y desinfectar el ba\u00f1o (lavabo, inodoro, ducha)<\/li>\n\n\n\n<li class=\"has-medium-font-size\">Limpiar cristales y espejos<\/li>\n\n\n\n<li class=\"has-medium-font-size\">Limpiar puertas, marcos y z\u00f3calos<\/li>\n\n\n\n<li class=\"has-medium-font-size\">Limpiar electrodom\u00e9sticos (microondas, horno, nevera, &#8230;)<\/li>\n\n\n\n<li class=\"has-medium-font-size\">Consultar para otros servicios<\/li>\n<\/ul>\n\n\n\n<div class=\"wp-block-buttons is-content-justification-center is-layout-flex wp-container-core-buttons-is-layout-16018d1d wp-block-buttons-is-layout-flex\">\n<div class=\"wp-block-button\"><a class=\"wp-block-button__link wp-element-button\" href=\"https:\/\/www.essenzialimpieza.es\/index.php\/contact\/\">Contacta con Nosotros<\/a><\/div>\n<\/div>\n","protected":false},"excerpt":{"rendered":"<p>Servicios de Hogar Nuestro servicio de limpieza de hogar est\u00e1 dise\u00f1ado para brindarte un ambiente fresco y armonioso, eliminando el estr\u00e9s del d\u00eda a d\u00eda.Con atenci\u00f3n al detalle y t\u00e9cnicas profesionales, transformamos cada rinc\u00f3n en un espacio acogedor y reluciente, garantizando un entorno saludable y lleno de paz.<\/p>\n","protected":false},"author":1,"featured_media":0,"parent":57,"menu_order":0,"comment_status":"closed","ping_status":"closed","template":"","meta":{"footnotes":""},"class_list":["post-280","page","type-page","status-publish","hentry"],"_links":{"self":[{"href":"https:\/\/www.essenzialimpieza.es\/index.php\/wp-json\/wp\/v2\/pages\/280","targetHints":{"allow":["GET"]}}],"collection":[{"href":"https:\/\/www.essenzialimpieza.es\/index.php\/wp-json\/wp\/v2\/pages"}],"about":[{"href":"https:\/\/www.essenzialimpieza.es\/index.php\/wp-json\/wp\/v2\/types\/page"}],"author":[{"embeddable":true,"href":"https:\/\/www.essenzialimpieza.es\/index.php\/wp-json\/wp\/v2\/users\/1"}],"replies":[{"embeddable":true,"href":"https:\/\/www.essenzialimpieza.es\/index.php\/wp-json\/wp\/v2\/comments?post=280"}],"version-history":[{"count":18,"href":"https:\/\/www.essenzialimpieza.es\/index.php\/wp-json\/wp\/v2\/pages\/280\/revisions"}],"predecessor-version":[{"id":679,"href":"https:\/\/www.essenzialimpieza.es\/index.php\/wp-json\/wp\/v2\/pages\/280\/revisions\/679"}],"up":[{"embeddable":true,"href":"https:\/\/www.essenzialimpieza.es\/index.php\/wp-json\/wp\/v2\/pages\/57"}],"wp:attachment":[{"href":"https:\/\/www.essenzialimpieza.es\/index.php\/wp-json\/wp\/v2\/media?parent=280"}],"curies":[{"name":"wp","href":"https:\/\/api.w.org\/{rel}","templated":true}]}}