{"id":684,"date":"2025-11-19T21:36:28","date_gmt":"2025-11-19T20:36:28","guid":{"rendered":"https:\/\/www.essenzialimpieza.es\/?page_id=684"},"modified":"2025-11-19T21:50:06","modified_gmt":"2025-11-19T20:50:06","slug":"limpieza-energetica-de-espacios","status":"publish","type":"page","link":"https:\/\/www.essenzialimpieza.es\/index.php\/servicios\/limpieza-energetica-de-espacios\/","title":{"rendered":"Limpieza Energ\u00e9tica"},"content":{"rendered":"<div class=\"wp-block-image\">\n<figure class=\"aligncenter size-full\"><img loading=\"lazy\" decoding=\"async\" width=\"612\" height=\"408\" src=\"https:\/\/www.essenzialimpieza.es\/wp-content\/uploads\/2025\/11\/servicio_limpieza_energetica.jpg\" alt=\"\" class=\"wp-image-640\" srcset=\"https:\/\/www.essenzialimpieza.es\/wp-content\/uploads\/2025\/11\/servicio_limpieza_energetica.jpg 612w, https:\/\/www.essenzialimpieza.es\/wp-content\/uploads\/2025\/11\/servicio_limpieza_energetica-300x200.jpg 300w\" sizes=\"auto, (max-width: 612px) 100vw, 612px\" \/><\/figure>\n<\/div>\n\n\n<p class=\"has-text-align-center has-large-font-size\">Limpieza Energ\u00e9tica de Espacios<\/p>\n\n\n\n<p class=\"justificar has-medium-font-size\"><br>Con el paso del tiempo, los espacios acumulan algo m\u00e1s que polvo: emociones, recuerdos, energ\u00edas que se han quedado atascadas. No solo limpio superficies\u2026 tambi\u00e9n intenciones, sensaciones y resonancias.<\/p>\n\n\n\n<p class=\"has-medium-font-size\"><strong>\u00bfC\u00f3mo lo Hago?<\/strong><\/p>\n\n\n\n<ul class=\"wp-block-list\">\n<li class=\"has-medium-font-size\">Trabajo con intenci\u00f3n consciente: cada rinc\u00f3n es recorrido con presencia y respeto<\/li>\n\n\n\n<li class=\"has-medium-font-size\">Uso herramientas suaves: aromas, sonidos, energ\u00eda, tal como una purificaci\u00f3n delicada para tu entorno<\/li>\n\n\n\n<li class=\"has-medium-font-size\">Establezco protecci\u00f3n energ\u00e9tica: para que lo que se libere no regrese, y el espacio permanezca limpio y vibrante<\/li>\n<\/ul>\n\n\n\n<figure class=\"wp-block-image size-full\"><img loading=\"lazy\" decoding=\"async\" width=\"1280\" height=\"965\" src=\"https:\/\/www.essenzialimpieza.es\/wp-content\/uploads\/2025\/11\/limpieza_energetica.jpg\" alt=\"\" class=\"wp-image-635\" style=\"aspect-ratio:16\/9;object-fit:cover\" srcset=\"https:\/\/www.essenzialimpieza.es\/wp-content\/uploads\/2025\/11\/limpieza_energetica.jpg 1280w, https:\/\/www.essenzialimpieza.es\/wp-content\/uploads\/2025\/11\/limpieza_energetica-300x226.jpg 300w, https:\/\/www.essenzialimpieza.es\/wp-content\/uploads\/2025\/11\/limpieza_energetica-1024x772.jpg 1024w, https:\/\/www.essenzialimpieza.es\/wp-content\/uploads\/2025\/11\/limpieza_energetica-768x579.jpg 768w\" sizes=\"auto, (max-width: 767px) 89vw, (max-width: 1000px) 54vw, (max-width: 1071px) 543px, 580px\" \/><\/figure>\n\n\n\n<p class=\"has-medium-font-size\"><strong>\u00bfQu\u00e9 notar\u00e1s al terminar?<\/strong><\/p>\n\n\n\n<ul class=\"wp-block-list\">\n<li class=\"has-medium-font-size\">Ligereza en el ambiente, como si el aire respirara contigo<\/li>\n\n\n\n<li class=\"has-medium-font-size\">M\u00e1s claridad mental y emocional<\/li>\n\n\n\n<li class=\"has-medium-font-size\">Una sensaci\u00f3n de renovaci\u00f3n: tu espacio se siente vivo, reconectado contigo<\/li>\n<\/ul>\n\n\n\n<p class=\"has-medium-font-size\"><strong>Ideal para ti si\u2026<\/strong><\/p>\n\n\n\n<ul class=\"wp-block-list\">\n<li class=\"has-medium-font-size\">Has pasado por una mudanza, una ruptura o un cambio importante<\/li>\n\n\n\n<li class=\"has-medium-font-size\">Sientes que tu hogar \u201cpesa\u201d m\u00e1s de lo que deber\u00eda<\/li>\n\n\n\n<li class=\"has-medium-font-size\">Quieres que tu negocio transmita paz, orden y buena energ\u00eda<\/li>\n\n\n\n<li class=\"has-medium-font-size\">Solo deseas que tu espacio sea un refugio, un lugar para recargar y centrarte<\/li>\n<\/ul>\n\n\n\n<div class=\"wp-block-buttons is-content-justification-center is-layout-flex wp-container-core-buttons-is-layout-16018d1d wp-block-buttons-is-layout-flex\">\n<div class=\"wp-block-button\"><a class=\"wp-block-button__link wp-element-button\" href=\"https:\/\/www.essenzialimpieza.es\/index.php\/contact\/\">Contacta con Nosotros<\/a><\/div>\n<\/div>\n\n\n\n<p><\/p>\n","protected":false},"excerpt":{"rendered":"<p>Limpieza Energ\u00e9tica de Espacios Con el paso del tiempo, los espacios acumulan algo m\u00e1s que polvo: emociones, recuerdos, energ\u00edas que se han quedado atascadas. No solo limpio superficies\u2026 tambi\u00e9n intenciones, sensaciones y resonancias. \u00bfC\u00f3mo lo Hago? \u00bfQu\u00e9 notar\u00e1s al terminar? Ideal para ti si\u2026<\/p>\n","protected":false},"author":1,"featured_media":0,"parent":57,"menu_order":0,"comment_status":"closed","ping_status":"closed","template":"","meta":{"footnotes":""},"class_list":["post-684","page","type-page","status-publish","hentry"],"_links":{"self":[{"href":"https:\/\/www.essenzialimpieza.es\/index.php\/wp-json\/wp\/v2\/pages\/684","targetHints":{"allow":["GET"]}}],"collection":[{"href":"https:\/\/www.essenzialimpieza.es\/index.php\/wp-json\/wp\/v2\/pages"}],"about":[{"href":"https:\/\/www.essenzialimpieza.es\/index.php\/wp-json\/wp\/v2\/types\/page"}],"author":[{"embeddable":true,"href":"https:\/\/www.essenzialimpieza.es\/index.php\/wp-json\/wp\/v2\/users\/1"}],"replies":[{"embeddable":true,"href":"https:\/\/www.essenzialimpieza.es\/index.php\/wp-json\/wp\/v2\/comments?post=684"}],"version-history":[{"count":11,"href":"https:\/\/www.essenzialimpieza.es\/index.php\/wp-json\/wp\/v2\/pages\/684\/revisions"}],"predecessor-version":[{"id":704,"href":"https:\/\/www.essenzialimpieza.es\/index.php\/wp-json\/wp\/v2\/pages\/684\/revisions\/704"}],"up":[{"embeddable":true,"href":"https:\/\/www.essenzialimpieza.es\/index.php\/wp-json\/wp\/v2\/pages\/57"}],"wp:attachment":[{"href":"https:\/\/www.essenzialimpieza.es\/index.php\/wp-json\/wp\/v2\/media?parent=684"}],"curies":[{"name":"wp","href":"https:\/\/api.w.org\/{rel}","templated":true}]}}